 173
What are the prime factors of 1044?
2, 3, 29
List the prime factors of 6661.
6661
List the prime factors of 14.
2, 7
What are the prime factors of 7655?
5, 1531
What are the prime factors of 67564?
2, 7, 19, 127
What are the prime factors of 1612?
2, 13, 31
List the prime factors of 534.
2, 3, 89
List the prime factors of 62311.
62311
List the prime factors of 3789.
3, 421
What are the prime factors of 13895?
5, 7, 397
List the prime factors of 46527.
3, 13, 1193
What are the prime factors of 1410?
2, 3, 5, 47
List the prime factors of 592.
2, 37
List the prime factors of 31539.
3, 10513
List the prime factors of 11875.
5, 19
List the prime factors of 95367.
3, 83, 383
List the prime factors of 11295.
3, 5, 251
What are the prime factors of 3011?
3011
List the prime factors of 22615.
5, 4523
What are the prime factors of 19207?
19207
List the prime factors of 779.
19, 41
List the prime factors of 734.
2, 367
List the prime factors of 532.
2, 7, 19
List the prime factors of 3203.
3203
List the prime factors of 17827.
17827
List the prime factors of 5697.
3, 211
List the prime factors of 3081.
3, 13, 79
List the prime factors of 1978.
2, 23, 43
What are the prime factors of 79?
79
What are the prime factors of 1013?
1013
What are the prime factors of 87897?
3, 83, 353
What are the prime factors of 23251?
23251
What are the prime factors of 67438?
2, 7, 4817
List the prime factors of 10861.
10861
What are the prime factors of 50448?
2, 3, 1051
List the prime factors of 4004.
2, 7, 11, 13
List the prime factors of 10247.
10247
List the prime factors of 6034.
2, 7, 431
List the prime factors of 72435.
3, 5, 11, 439
What are the prime factors of 10649?
23, 463
List the prime factors of 798.
2, 3, 7, 19
List the prime factors of 20243.
31, 653
What are the prime factors of 192?
2, 3
What are the prime factors of 94594?
2, 47297
List the prime factors of 86.
2, 43
List the prime factors of 29750.
2, 5, 7, 17
What are the prime factors of 89081?
229, 389
List the prime factors of 2241.
3, 83
What are the prime factors of 1487?
1487
List the prime factors of 15183.
3, 7, 241
What are the prime factors of 8038?
2, 4019
What are the prime factors of 2734?
2, 1367
What are the prime factors of 923?
13, 71
List the prime factors of 1263.
3, 421
What are the prime factors of 84161?
7, 11, 1093
What are the prime factors of 12567?
3, 59, 71
What are the prime factors of 24009?
3, 53, 151
What are the prime factors of 1187?
1187
What are the prime factors of 5464?
2, 683
What are the prime factors of 59178?
2, 3, 7, 1409
What are the prime factors of 5737?
5737
What are the prime factors of 69203?
69203
List the prime factors of 2852.
2, 23, 31
List the prime factors of 71.
71
What are the prime factors of 608?
2, 19
List the prime factors of 21443.
41, 523
List the prime factors of 87311.
7, 12473
List the prime factors of 3246.
2, 3, 541
What are the prime factors of 23340?
2, 3, 5, 389
List the prime factors of 1426.
2, 23, 31
List the prime factors of 7477.
7477
List the prime factors of 1272.
2, 3, 53
What are the prime factors of 863?
863
List the prime factors of 3619.
7, 11, 47
What are the prime factors of 6994?
2, 13, 269
What are the prime factors of 50851?
211, 241
What are the prime factors of 5497?
23, 239
What are the prime factors of 26706?
2, 3, 4451
List the prime factors of 656.
2, 41
List the prime factors of 96.
2, 3
List the prime factors of 19984.
2, 1249
List the prime factors of 3630.
2, 3, 5, 11
What are the prime factors of 1166?
2, 11, 53
What are the prime factors of 15883?
7, 2269
List the prime factors of 457.
457
List the prime factors of 42.
2, 3, 7
List the prime factors of 140.
2, 5, 7
List the prime factors of 7556.
2, 1889
List the prime factors of 8905.
5, 13, 137
What are the prime factors of 225?
3, 5
List the prime factors of 4494.
2, 3, 7, 107
List the prime factors of 2718.
2, 3, 151
List the prime factors of 217.
7, 31
List the prime factors of 24288.
2, 3, 11, 23
What are the prime factors of 70172?
2, 53, 331
What are the prime factors of 236?
2, 59
List the prime factors of 2045.
5, 409
List the prime factors of 1686.
2, 3, 281
List the prime factors of 2422.
2, 7, 173
List the prime factors of 400.
2, 5
List the prime factors of 184.
2, 23
What are the prime factors of 7928?
2, 991
List the prime factors of 7192.
2, 29, 31
List the prime factors of 3680.
2, 5, 23
List the prime factors of 7873.
7873
List the prime factors of 58710.
2, 3, 5, 19, 103
List the prime factors of 25559.
61, 419
What are the prime factors of 16077?
3, 23, 233
What are the prime factors of 394?
2, 197
List the prime factors of 64506.
2, 3, 13, 827
List the prime factors of 1166.
2, 11, 53
List the prime factors of 12990.
2, 3, 5, 433
What are the prime factors of 137996?
2, 34499
What are the prime factors of 2790?
2, 3, 5, 31
What are the prime factors of 291?
3, 97
List the prime factors of 2355.
3, 5, 157
What are the prime factors of 8530?
2, 5, 853
List the prime factors of 220.
2, 5, 11
What are the prime factors of 987?
3, 7, 47
List the prime factors of 134806.
2, 7, 9629
List the prime factors of 2063.
2063
What are the prime factors of 905?
5, 181
List the prime factors of 654.
2, 3, 109
List the prime factors of 38760.
2, 3, 5, 17, 19
What are the prime factors of 11419?
19, 601
What are the prime factors of 6424?
2, 11, 73
What are the prime factors of 5752?
2, 719
What are the prime factors of 8121?
3, 2707
What are the prime factors of 2154?
2, 3, 359
List the prime factors of 46310.
2, 5, 11, 421
What are the prime factors of 1387?
19, 73
List the prime factors of 119718.
2, 3, 739
What are the prime factors of 325?
5, 13
List the prime factors of 1048.
2, 131
List the prime factors of 110.
2, 5, 11
What are the prime factors of 117391?
89, 1319
List the prime factors of 2422.
2, 7, 173
List the prime factors of 1725.
3, 5, 23
What are the prime factors of 207?
3, 23
What are the prime factors of 1189?
29, 41
What are the prime factors of 24570?
2, 3, 5, 7, 13
What are the prime factors of 12260?
2, 5, 613
What are the prime factors of 132370?
2, 5, 7, 31, 61
What are the prime factors of 6892?
2, 1723
List the prime factors of 4840.
2, 5, 11
What are the prime factors of 784?
2, 7
List the prime factors of 5006.
2, 2503
What are the prime factors of 553?
7, 79
List the prime factors of 16684.
2, 43, 97
List the prime factors of 51871.
51871
What are the prime factors of 672?
2, 3, 7
What are the prime factors of 28113?
3, 9371
List the prime factors of 737.
11, 67
What are the prime factors of 69002?
2, 34501
List the prime factors of 3029.
13, 233
What are the prime factors of 4249?
7, 607
What are the prime factors of 1531?
1531
List the prime factors of 14715.
3, 5, 109
What are the prime factors of 966?
2, 3, 7, 23
What are the prime factors of 27983?
27983
What are the prime factors of 144667?
144667
What are the prime factors of 27911?
13, 19, 113
List the prime factors of 1223.
1223
List the prime factors of 12371.
89, 139
List the prime factors of 349.
349
List the prime factors of 2718.
2, 3, 151
What are the prime factors of 874?
2, 19, 23
List the prime factors of 15971.
15971
What are the prime factors of 2808?
2, 3, 13
What are the prime factors of 20135?
5, 4027
List the prime factors of 2419.
41, 59
What are the prime factors of 4478?
2, 2239
What are the prime factors of 13944?
2, 3, 7, 83
List the prime factors of 3779.
3779
List the prime factors of 15.
3, 5
List the prime factors of 38059.
7, 5437
What are the prime factors of 3246?
2, 3, 541
What are the prime factors of 7301?
7, 149
List the prime factors of 56.
2, 7
List the prime factors of 1137.
3, 379
List the prime factors of 15041.
13, 89
What are the prime factors of 7883?
7883
List the prime factors of 51007.
11, 4637
What are the prime factors of 103175?
5, 4127
What are the prime factors of 16455?
3, 5, 1097
What are the prime factors of 4314?
2, 3, 719
What are the prime factors of 156763?
59, 2657
List the prime factors of 255.
3, 5, 17
What are the prime factors of 601?
601
What are the prime factors of 52726?
2, 41, 643
List the prime factors of 23691.
3, 53, 149
What are the prime factors of 62780?
2, 5, 43, 73
List the prime 